 factor of l and 2.
2
Suppose 0 = -17*o + 63 + 5. Suppose -4*l + 3*k = -2*l - 299, -5*k = -o*l + 601. Calculate the greatest common divisor of l and 7.
7
Let s be ((-3)/(-4))/(2/8) - (-14 + -115). What is the greatest common divisor of 561 and s?
33
Let p = 964 - 664. Suppose 34*a - 29*a - p = 0. What is the greatest common divisor of 108 and a?
12
Suppose 3*r = 170*w - 166*w + 231, 2*r - 3*w = 154. Calculate the greatest common divisor of r and 748.
11
Let k(b) = 7*b + 1. Let d be k(2). Let y = -115 + 119. Suppose -2*u = -y*g - 64, u + g - 6 = 23. What is the greatest common factor of d and u?
15
Let s = -253 - -246. Let n be (-2 + s)*(-2 - (-2)/2). Let m = 26 - 17. What is the greatest common factor of n and m?
9
Let h = 6886 + -1187. What is the greatest common divisor of h and 41?
41
Let w = 167 + -167. Suppose w = -7*l + 90 + 36. What is the greatest common factor of l and 189?
9
Let s(n) = 75*n**2 + 898*n + 24. Let b be s(-12). What is the highest common divisor of 3728 and b?
16
Suppose 15*l - 19*l - q = -88, -2*l + 22 = -5*q. Suppose -4*n = 2*j - 0*j + 598, 0 = -j + 5. Let a = n + 383. What is the greatest common divisor of l and a?
21
Suppose -24*x - 7918 + 8518 = 0. Calculate the highest common factor of x and 4100.
25
Let r be 3/6 + (-3)/(-2) + 3. Suppose -2*t - r = -6*y + 7*y, 5*t - 10 = -y. Let n = -5 - y. Calculate the greatest common factor of n and 40.
10
Let u be 0 + -5 + 16/1. Suppose -4*l = -4*r - 16, 4*l - l = -r + 24. Let m = u - l. What is the greatest common divisor of 1 and m?
1
Let p(c) = -559*c + 562. Let l be p(1). What is the highest common factor of 2649 and l?
3
Let l = -188 - -125. Let u be (-11)/(11/l) - 3. Calculate the greatest common factor of 10 and u.
10
Let a = 270 - 18. Suppose 2*g - 4*j = 104, 2*j + j = -4*g + a. Let n = 1101 - 1086. What is the highest common divisor of n and g?
15
Suppose 56*g + 4*z = 57*g - 1505, 3*g = -z + 4554. What is the greatest common divisor of 205 and g?
41
Suppose 0 = -o + 2122 - 1309. Let g = o + -811. What is the greatest common divisor of g and 13?
1
Suppose -30 - 66 = -4*y. Let v(i) = -6*i**2 - 10*i - 7. Let h be v(-4). Let r = -27 - h. What is the highest common divisor of y and r?
12
Let g = 233 + -97. Suppose 0 = 6*s + 2*s - g. Let o = -212 + 297. What is the highest common factor of s and o?
17
Suppose 5*f = 3*f, 2*x - 73 = f + 299. Calculate the greatest common divisor of 10106 and x.
62
Let b(v) = -12 + 12*v - 7 - 10 - 55. Let o be b(8). What is the greatest common factor of 24 and o?
12
Suppose 0 = -14116*y + 14123*y - 2352. Suppose 0 = -2*p + 3*w + 198, 4*w - 64 - 24 = -p. What is the highest common divisor of p and y?
48
Suppose 8*c - 3*c - 45 = -5*h, -4*h - c + 42 = 0. Let y(x) = 100 + 3*x - 93 - 3*x + x. Let n be y(4). What is the highest common divisor of n and h?
11
Let p be (338/(-78) + (-10)/(-3))*-35. Calculate the highest common factor of p and 2730.
35
Let h(s) = s**3 + 11*s**2 - 2806*s - 30836. Let g be h(-11). Suppose 0*q + 3*q = 1215. What is the greatest common factor of q and g?
15
Suppose -597*b + 576*b = -9114. Calculate the highest common divisor of b and 4030.
62
Let o be 1*((-26)/16)/(5/(-40)). What is the greatest common divisor of 949 and o?
13
Let j = 5130 + -5109. Suppose -3*y - 2*s + 17 = -56, 4*y = -4*s + 104. What is the highest common divisor of j and y?
21
Let q(m) = -m + 60 - 3*m - 41 + 0*m. Let t be q(-5). Let x = t + 129. What is the greatest common factor of x and 21?
21
Suppose -13*n - 150 = -16*n. Let f = 109 + n. Suppose b = f - 108. Calculate the highest common divisor of 17 and b.
17
Let u be ((-56)/(-10))/(32/80). Let b be 0/((2 + 4)/2). Suppose b = -5*p + 150 + 25. What is the highest common factor of p and u?
7
Suppose -4*r + 1251 - 355 = 0. Calculate the highest common factor of 196 and r.
28
Let o be 6*4/9*21. Let h(b) = 16*b**2 - 14*b - 38*b**2 + 24*b**2 - 39*b + 33. Let d be h(26). What is the highest common divisor of d and o?
7
Let f be -3 - 3 - (45 - 57). Calculate the highest common divisor of 6090 and f.
6
Suppose n = -5*u + 416, 5*u - 428 = 12*n - 10*n. Suppose 0 = -9*l + 69 + u. Calculate the greatest common factor of 391 and l.
17
Suppose t - 4*v = -4*t - 32, -3*t - 24 = -4*v. Let b be t + (-3420)/(-78) + 4/26. Let u = -31 - -35. What is the greatest common factor of u and b?
4
Let t be ((-6)/9 - 441/(-378)) + (-961)/(-2). Calculate the greatest common divisor of t and 851.
37
Suppose 5*q - 19 + 57 = 2*z, -4*z + 58 = -q. Let m(f) = 19*f + 5*f + 16*f - 121 - 14*f. Let p be m(6). Calculate the greatest common factor of z and p.
7
Suppose -w - 4*f + 90 = 0, -3*w = w + 2*f - 346. Let g = -321 + 351. Let r = g - -99. Calculate the greatest common factor of w and r.
43
Let y be (1513 + 21)*(-1)/(-2). Let h = 784 - y. Let p be (-6)/((-1)/(-51)*-2). What is the highest common factor of p and h?
17
Let b = 27 + -7. Let f be ((-4)/(-16))/(8/704). Let h = 28 + f. What is the highest common divisor of h and b?
10
Let u be 72*(-1 + 1125/27). Calculate the highest common divisor of 48 and u.
48
Suppose 147 = 5*w - 2*v + 31, 0 = v - 2. Let c = -53 - -61. Suppose 2*s + 216 = c*s. Calculate the highest common factor of s and w.
12
Suppose -6*r - 156 + 2226 = 0. Let h = -341 + r. What is the greatest common divisor of 13 and h?
1
Let p be 3845/(-440)*-11 + (-2)/16. Calculate the highest common divisor of 18 and p.
6
Suppose -x + 110 = s, -1 + 4 = -3*x. Let i(z) = -60*z - 5 - 58*z + s*z. Let u be i(-3). Calculate the highest common factor of u and 8.
8
Let r = 4688 - 2862. Calculate the highest common factor of 88 and r.
22
Suppose 60*n - 555 = 57*n. Let i = 248 - n. What is the greatest common factor of i and 1449?
63
Let i(o) = 12*o**3 + 6*o**2 - 9*o + 1. Let y be i(3). Let s = y - 328. Calculate the highest common divisor of 264 and s.
24
Let g = 693 + -672. Suppose 0 = g*c + 72 - 807. Calculate the highest common divisor of c and 315.
35
Let c be (174/(-84) - -2) + (-1807)/(-14) + -3. Calculate the greatest common factor of c and 234.
18
Suppose -4*u + 11 = m, -26*m + 23*m - 7 = 2*u. Let a = 19 + -7. Let p = a + -6. Calculate the highest common factor of u and p.
2
Suppose -a + 4*t = 4*a - 33, -2*t + 11 = 3*a. Suppose 178 = a*i + y, -4*y + 42 = 2*i - 22. Let g = 96 + -78. Calculate the greatest common divisor of g and i.
18
Let j(q) = 11*q - 180. Let p be j(-27). Let l = 478 + p. What is the highest common divisor of l and 15?
1
Let z be (3366/(-15))/(-11) + (-2)/5. Let o be (-8 - (-69 + 5)) + 0. Calculate the highest common divisor of z and o.
4
Let r(d) = 3*d**2 + 68*d + 522. Let o be r(-9). Calculate the greatest common factor of o and 37179.
153
Suppose 0*x = 3*x + 5*s - 41, 5*x - 57 = 3*s. Suppose -3*j - 1080 = -x*j. What is the greatest common divisor of j and 48?
24
Suppose 12*b + 4*i = 7*b + 238, -3*i + 190 = 4*b. Suppose -b*v + 54*v - 24 = 0. Calculate the greatest common factor of v and 6.
3
Suppose -3*h - 255*o + 18180 = -258*o, -5*h + 30273 = 4*o. Calculate the greatest common divisor of 9 and h.
9
Suppose -3*z + 252 = 4*x, -252 = 28*x - 32*x + 3*z. Calculate the highest common factor of x and 1869.
21
Let m(t) = -6*t - 1. Let x(b) = 5*b + 2. Let k(a) = -2*m(a) - 3*x(a). Let p be k(-5). What is the highest common factor of 55 and p?
11
Let b(k) = -55*k + 167. Let y be b(3). Suppose 58 = y*r + 4*h - 108, -r = 4*h - 93. What is the greatest common divisor of r and 1241?
73
Let b = 6390 - 5894. What is the highest common divisor of 1364 and b?
124
Suppose 8*r + 22*c = 19*c + 102, c = -5*r + 62. What is the greatest common factor of r and 11148?
12
Let o = 1613 - 1606. Calculate the greatest common factor of 679 and o.
7
Let b = 112 - 99. Let d = -65 + 65. Let q be 2 + d - 6*-17. What is the highest common factor of q and b?
13
Let o be (20/6)/(2/21). Let m(f) = -135*f - 596. Let x be m(-5). Let h = x - o. What is the highest common factor of 11 and h?
11
Suppose 0 = -483*v + 475*v + 160. What is the highest common factor of 5040 and v?
20
Let g(m) = 7*m**2 + 372*m - 220. Let l be g(-54). Calculate the highest common divisor of 3172 and l.
52
Let h(b) = b - 1. Suppose 5*y + 4*q - 13 = 0, -4*q = y + 3 + 4. Suppose -28 - 37 = -y*p. Let k be h(p). What is the greatest common divisor of k and 96?
12
Suppose -4220 = 7*